se 15?
-30
Convert -10 (base 2) to base 14.
-2
What is -144 (base 9) in base 5?
-441
What is 4 (base 16) in base 3?
11
e0 (base 16) to base 13
143
36 (base 14) to base 9
53
Convert -2 (base 4) to base 16.
-2
-3 (base 5) to base 3
-10
What is 34 (base 9) in base 7?
43
0 (base 10) to base 15
0
Convert -123 (base 4) to base 12.
-23
What is c (base 13) in base 3?
110
1 (base 5) to base 8
1
Convert -16 (base 11) to base 14.
-13
-302 (base 5) to base 11
-70
What is -9c (base 15) in base 9?
-173
5 (base 15) to base 3
12
What is 220 (base 4) in base 10?
40
1b (base 12) to base 4
113
Convert -2032 (base 4) to base 3.
-12021
Convert 46 (base 7) to base 14.
26
Convert -4 (base 16) to base 9.
-4
1 (base 7) to base 2
1
What is 1 (base 3) in base 12?
1
Convert -60 (base 11) to base 3.
-2110
-12 (base 8) to base 14
-a
142 (base 5) to base 13
38
32 (base 7) to base 16
17
-1 (base 11) to base 12
-1
-1 (base 10) to base 2
-1
What is 212 (base 5) in base 3?
2010
What is 7 (base 12) in base 5?
12
Convert -5 (base 9) to base 7.
-5
What is -5 (base 11) in base 8?
-5
Convert 43 (base 8) to base 16.
23
Convert 2221 (base 3) to base 9.
87
59 (base 12) to base 16
45
Convert -2 (base 16) to base 3.
-2
What is 41 (base 16) in base 15?
45
4 (base 6) to base 9
4
-7a (base 12) to base 10
-94
What is 1 (base 2) in base 16?
1
What is -90 (base 16) in base 13?
-b1
Convert 3 (base 5) to base 12.
3
Convert -4 (base 9) to base 16.
-4
Convert 4 (base 6) to base 11.
4
Convert 82 (base 13) to base 5.
411
3 (base 10) to base 16
3
What is -22 (base 14) in base 9?
-33
Convert -454 (base 9) to base 12.
-271
-13 (base 9) to base 15
-c
2 (base 8) to base 12
2
Convert -5 (base 6) to base 3.
-12
What is 0 (base 8) in base 3?
0
What is 106 (base 9) in base 4?
1113
-44 (base 10) to base 15
-2e
What is 15 (base 8) in base 11?
12
0 (base 9) to base 15
0
What is 13 (base 10) in base 6?
21
350 (base 6) to base 9
163
Convert -b3 (base 13) to base 3.
-12102
116 (base 7) to base 15
42
Convert -21 (base 6) to base 3.
-111
What is -1 (base 13) in base 9?
-1
1122 (base 4) to base 11
82
What is 44 (base 16) in base 6?
152
-246 (base 7) to base 15
-8c
What is -11 (base 9) in base 16?
-a
Convert -4 (base 6) to base 13.
-4
What is 23 (base 11) in base 14?
1b
Convert -8 (base 15) to base 14.
-8
What is 7 (base 10) in base 16?
7
Convert -9 (base 10) to base 5.
-14
What is 1 (base 5) in base 4?
1
What is -3 (base 11) in base 3?
-10
Convert -1 (base 14) to base 6.
-1
-6a (base 13) to base 6
-224
24 (base 14) to base 4
200
-14 (base 6) to base 2
-1010
2 (base 8) to base 6
2
-11 (base 14) to base 3
-120
Convert 2 (base 11) to base 8.
2
Convert -18 (base 10) to base 11.
-17
Convert -a (base 16) to base 2.
-1010
Convert -156 (base 8) to base 4.
-1232
-10 (base 6) to base 13
-6
Convert 1000011 (base 2) to base 7.
124
Convert -23 (base 6) to base 7.
-21
What is 10 (base 3) in base 10?
3
What is 0 (base 3) in base 8?
0
Convert 3 (base 6) to base 3.
10
-4 (base 10) to base 12
-4
2 (base 15) to base 14
2
What is 9 (base 11) in base 16?
9
Convert -15 (base 12) to base 7.
-23
What is -1 (base 13) in base 15?
-1
Convert 1a (base 11) to base 10.
21
1032 (base 5) to base 10
142
What is 17 (base 16) in base 7?
32
10 (base 5) to base 13
5
What is -21 (base 12) in base 7?
-34
-35 (base 13) to base 16
-2c
What is 1001 (base 2) in base 9?
10
0 (base 14) to base 15
0
What is 16 (base 16) in base 10?
22
5 (base 14) to base 13
5
What is 30 (base 7) in base 3?
210
Convert -142 (base 5) to base 10.
-47
What is 1c (base 16) in base 15?
1d
-2 (base 13) to base 3
-2
Convert 10 (base 6) to base 11.
6
Convert -11022 (base 4) to base 13.
-1c5
What is 32 (base 6) in base 2?
10100
What is 361 (base 10) in base 9?
441
Convert 101001 (base 2) to base 4.
221
Convert 2 (base 3) to base 10.
2
Convert 8 (base 15) to base 2.
1000
What is -20 (base 15) in base 14?
-22
0 (base 9) to base 3
0
Convert -9 (base 15) to base 6.
-13
145 (base 7) to base 14
5c
What is -4 (base 14) in base 4?
-10
What is -1010 (base 2) in base 7?
-13
0 (base 3) to base 9
0
Convert 1 (base 11) to base 8.
1
31 (base 5) to base 13
13
Convert 21b (base 13) to base 15.
192
-4 (base 12) to base 9
-4
What is -221 (base 3) in base 13?
-1c
What is -78 (base 12) in base 5?
-332
7 (base 14) to base 2
111
What is -352 (base 7) in base 14?
-d2
-16 (base 11) to base 14
-13
-4a (base 12) to base 6
-134
Convert 1c (base 13) to base 5.
100
Convert 2 (base 4) to base 10.
2
Convert -1 (base 10) to base 16.
-1
What is 20 (base 4) in base 13?
8
What is -6 (base 15) in base 4?
-12
-2 (base 13) to base 9
-2
Convert -1000 (base 2) to base 3.
-22
-1 (base 14) to base 12
-1
What is 343 (base 5) in base 10?
98
Convert -146 (base 8) to base 13.
-7b
Convert 11 (base 11) to base 4.
30
Convert 26 (base 7) to base 5.
40
Convert -33 (base 6) to base 13.
-18
Convert -140 (base 7) to base 14.
-57
3b (base 12) to base 2
101111
Convert -2 (base 13) to base 16.
-2
What is -4 (base 5) in base 14?
-4
What is -10222 (base 3) in base 7?
-212
Convert -18c (base 13) to base 9.
-346
100 (base 4) to base 5
31
Convert -11 (base 5) to base 11.
-6
Convert 175 (base 9) to base 8.
225
Convert -21 (base 11) to base 15.
-18
Convert 2 (base 8) to base 5.
2
5 (base 12) to base 8
5
What is 111 (base 3) in base 6?
21
Convert 21 (base 9) to base 4.
103
99 (base 12) to base 14
85
Convert -60 (base 9) to base 5.
-204
-30 (base 6) to base 7
-24
2 (base 5) to base 4
2
8 (base 13) to base 4
20
What is 110 (base 2) in base 14?
6
7 (base 12) to base 3
21
What is 11 (base 14) in base 7?
21
2 (base 9) to base 11
2
19 (base 11) to base 8
24
Convert -1 (base 6) to base 16.
-1
What is 10 (base 5) in base 8?
5
Convert -132 (base 12) to base 2.
-10110110
-1 (base 3) to base 10
-1
What is 10 (base 5) in base 2?
101
Convert 2 (base 12) to base 9.
2
Convert -13 (base 16) to base 10.
-19
What is -7 (base 10) in base 3?
-21
Convert 6 (base 7) to base 12.
6
Convert -49 (base 14) to base 12.
-55
-6 (base 14) to base 2
-110
Convert 12 (base 5) to base 7.
10
-5c (base 16) to base 8
-134
1 (base 11) to base 15
1
168 (base 10) to base 11
143
Convert 2 (base 12) to base 2.
10
Convert -10011 (base 2) to base 14.
-15
Convert 2 (base 8) to base 15.
2
47 (base 15) to base 16
43
What is -200 (base 3) in base 16?
-12
What is -102 (base 3) in base 12?
-b
-5 (base 10) to base 4
-11
What is 5 (base 10) in base 7?
5
What is 111 (base 4) in base 7?
30
Convert -110 (base 12) to base 13.
-c0
What is -2 (base 3) in base 6?
-2
What is 7 (base 10) in base 16?
7
-31 (base 12) to base 2
-100101
-1c (base 14) to base 12
-22
What is 8a (base 11) in base 7?
200
11 (base 9) to base 5
20
Convert -3 (base 16) to base 4.
-3
What is -4 (base 8) in base 2?
-100
9 (base 12) to base 11
9
What is 9 (base 16) in base 12?
9
Convert 0 (base 16) to base 8.
0
What is -10 (base 10) in base 15?
-a
Convert -36 (base 13) to base 11.
-41
What is 11 (base 3) in base 2?
100
Convert 100 (base 2) to base 6.
4
-3a (base 13) to base 7
-100
-23 (base 11) to base 15
-1a
Convert 1152 (base 6) to base 14.
164
What is -142 (base 9) in base 11?
-a9
-114 (base 14) to base 16
-d6
66 (base 11) to base 6
200
-1210 (base 3) to base 10
-48
-24 (base 7) to base 16
-12
-154 (base 9) to base 11
-109
-1011001 (base 2) to base 16
-59
Convert -101011111 (base 2) to base 7.
-1011
10 (base 2) to base 14
2
What is 351 (base 6) in base 14?
9d
Convert 11 (base 13) to base 2.
1110
What is 3 (base 14) in base 11?
3
What is -12 (base 11) in base 6?
-21
Convert -257 (base 8) to base 16.
-af
What is 11 (base 11) in base 12?
10
Convert -65 (base 11) to base 8.
-107
8 (base 12) to base 5
13
Convert b (base 16) to base 9.
12
3 (base 8) to base 13
3
Convert 1a1 (base 13) to base 15.
150
What is -9 (base 15) in base 8?
-11
Convert -11001111 (base 2) to base 7.
-414
-9 (base 12) to base 14
-9
-1 (base 4) to base 7
-1
What is 3 (base 8) in base 7?
3
Convert -1111000 (base 2) to base 8.
-170
Convert 3 (base 16) to base 12.
3
What is 1 (base 10) in base 6?
1
6 (base 10) to base 6
10
Convert -3 (base 16) to base 5.
-3
-11 (base 2) to base 13
-3
Convert -f (base 16) to base 9.
-16
7e (base 15) to base 12
9b
Convert 2a (base 11) to base 7.
44
-130 (base 15) to base 14
-154
-4 (base 7) to base 16
-4
What is -4 (base 8) in base 14?
-4
3 (